8 = -3*j + 3*i, -3*j + i = -0*i - 22. What is the units digit of j?
8
Suppose 0*m + 4*m = -4*x - 48, x - 4*m = -27. What is the units digit of 2*(x/(-6))/1?
5
Let o be 26/8 + 3/(-12). Suppose o*n = 5*c - 23, -3*n + 22 = 4*c + 9. Suppose m - c = -m. What is the units digit of m?
2
Let s = 21 - -6. What is the units digit of s?
7
Let h = -2 + -11. Let a(p) = p**2 - 4*p - 1. Let w be a(7). Let r = h + w. What is the units digit of r?
7
Suppose 4*p - 85 = -p. Suppose 4*t - 24 = -4*l, 4*t - p + 49 = 3*l. What is the units digit of l?
8
Suppose 2*j + 4*t = 64, 3*j - 2*t - 97 - 15 = 0. What is the units digit of j?
6
Suppose -n = -3*q + 8, -3*q - 4*n + 2*n + 2 = 0. Suppose 7 = m + 5*w, m = -q*w - 1 - 1. What is the units digit of 8/m + (0 - -2)?
1
Suppose 0 = -h - 1 + 6. What is the units digit of 29/2 + h/10?
5
Let k(h) = 14*h + 6. Let q be k(7). Suppose 4*g + 5*w = 2*w + q, 2*g + w - 50 = 0. Suppose 5*i + g = 4*j, -5*i + 26 = 2*j + j. What is the units digit of j?
7
Let j be 1*(2 - -4)/3. Suppose t - 14 = 3*f, 4*t = -2*f - j*f + 104. What is the units digit of t?
3
Let t(f) = 13*f. What is the units digit of t(1)?
3
Let n = -8 + 14. What is the units digit of 10/(2*3/n)?
0
Let q = -10 - -14. Suppose -3*h + 106 = -5*v, -5*h + q*h + 2*v + 36 = 0. What is the units digit of h?
2
Let b(t) = -2*t + 11. Let f be b(8). What is the units digit of (-12)/f + (-4)/10?
2
Suppose -d - 3*d - 52 = 0. Let g(l) = -l**2 - 17*l - 1. What is the tens digit of g(d)?
5
Suppose 0 = 3*x + 3*y - 4*y - 15, 0 = -5*x + y + 25. Suppose 0 = -5*h, 3*h = -x*d - 0*d + 50. What is the units digit of d/2*(-16)/(-10)?
8
Suppose 3*w - 2*w = 2. Let v be (1 - (3 - w))*-1. Suppose 23 = g + 4*g + a, 4*g + 2*a - 16 = v. What is the units digit of g?
5
Let s(o) = -2*o + 22. What is the units digit of s(-10)?
2
Let v(r) = -r**2 + 3*r + 5. What is the units digit of v(3)?
5
What is the units digit of (78/(-5))/((-5)/25)?
8
Let q be 4/(2/4*1). Let k = 2 + q. Suppose 8*r - k = 3*r. What is the units digit of r?
2
Let s(k) = -5*k + 1. Let t be s(-2). Let i = t - 0. What is the units digit of i?
1
What is the units digit of 4/(-12) - (-3 + (-145)/3)?
1
Let c(d) = d**3 - 2*d**2 - 2*d + 2. Let k be c(3). Let b = 3 + k. What is the units digit of b?
8
Let b(v) = 2*v**2 + 2*v - 7. What is the units digit of b(4)?
3
Suppose 0 = v + 8 - 2. Let j(t) = -2*t + 7. What is the tens digit of j(v)?
1
Let j = -11 - 9. What is the units digit of (88/j)/(6/(-15))?
1
Let g = -36 + 118. What is the tens digit of g?
8
Let v = 24 + -15. Let h be (48/v)/1*-3. What is the units digit of (-8)/(-12) + h/(-3)?
6
Let g(z) = -z - 13 - z**2 + 16 + 2*z**2. What is the tens digit of g(5)?
2
Let c(x) = -x + 3. What is the units digit of c(-9)?
2
Let t = 11 + -15. What is the tens digit of t - -6*(3 + 2)?
2
Suppose -5*g - 218 = -2*s - 74, -5*s + 3*g + 398 = 0. What is the units digit of s?
2
Let n(c) = 3*c + 9. What is the tens digit of n(13)?
4
Let a(b) = 2*b**2 - 5*b - 37. What is the hundreds digit of a(13)?
2
Let f be (24/20)/((-4)/(-10)). Suppose -p = -1 + 4, -f*m + 15 = -5*p. Suppose m = -0*b - 2*b + 6. What is the units digit of b?
3
What is the units digit of ((-2)/(-4))/(2/156)?
9
Let f(n) = -3*n**2 - n + 1. Let r be f(1). Let m = -3 + 4. What is the units digit of (4 - r)*1/m?
7
Let x = 5 + -3. Suppose -x*m - 3*k + 2*k = 0, 14 = 5*m - k. Suppose -m*j = -0*j - 10. What is the units digit of j?
5
Let r = 12 + -23. Let c = 22 + r. What is the tens digit of c?
1
Let b = 15 - 11. Suppose -x - b*i = 8 - 22, -i = -4*x + 5. Suppose 3 = x*y + 1. What is the units digit of y?
1
Suppose -3*s + 4*d = -227, 0 = -2*s + 5*d + 142. Suppose 5*m + 5*z = 45, -2*m - 3*m + 4*z = -s. What is the tens digit of m?
1
Suppose -4*q + 10 = -2. Let a be 1/q - (-7)/(-3). What is the units digit of (-2 + a)*2/(-8)?
1
Let l(y) = y - 1. Let m be l(5). Suppose -3*w + 2 = -m. Suppose 0*z + 22 = w*z. What is the tens digit of z?
1
Let v(y) = -2 + 2*y**2 - 34*y**3 - 4*y**2 + 9*y + 5*y**3 - 12*y. What is the tens digit of v(-1)?
2
Let l(n) = n**2 - 2*n. Let u be l(2). Suppose -4*k = -u - 16. What is the units digit of k?
4
Suppose 4*p + 39 = 5*v - 105, -5*p - 180 = 3*v. Suppose 4*u + 170 = o + 2*o, 0 = 4*o + u - 195. Let n = p + o. What is the units digit of n?
4
Let k = -3 - -6. Suppose -21 = -k*v + 18. What is the units digit of v?
3
Let t(b) = 1. Let m(a) = -4*a - 4. Let k(q) = -m(q) - 6*t(q). What is the units digit of k(9)?
4
Let t(o) = 4*o + 4. Let v be t(4). Let a be 12/v - (-23)/(-5). What is the units digit of (-50)/a + 3/(-6)?
2
What is the tens digit of 3/2 + (-87)/18*-9?
4
Let l(n) = n**3 + 4*n**2 - 2*n + 5. Let u(y) = -5 - 4*y**2 + y**3 + y - 2*y**3 + 0*y**2. Let r(x) = -2*l(x) - 3*u(x). What is the units digit of r(-4)?
1
Let m(t) = 10*t + 12. What is the tens digit of m(5)?
6
What is the units digit of 2/5 - 32/(-20)?
2
Suppose -n = -3*n + 4, -5*u - n = -27. Suppose -2*o = -3 - u. Suppose g - 1 + 6 = 3*v, 4*v = 4*g + o. What is the units digit of v?
2
Let t(j) = 66*j + 7. What is the units digit of t(4)?
1
Suppose 0*q + 9 = 3*q. Suppose -3*r + 4*r - q = 0. What is the units digit of r?
3
What is the tens digit of -3*6/(-27) - 1488/(-9)?
6
Let f = 109 + -9. Let j = -48 + f. What is the units digit of j?
2
Suppose -1863 = 15*t - 24*t. What is the hundreds digit of t?
2
Let w = -24 + 47. Suppose f - n - 26 = -6*n, 0 = 2*f - 5*n + w. What is the units digit of 35/28*4*f?
5
Let h(w) = w**3 + 4*w**2 - 4*w + 3. Let v be h(2). Let c be (0/(-4))/(1*-1). Suppose 6*g - 4*g - 3*z - v = 0, c = 3*g + 2*z - 22. What is the units digit of g?
8
Let x(a) be the third derivative of -a**5/60 - 5*a**4/8 + 13*a**3/6 + a**2. What is the tens digit of x(-13)?
3
Suppose -6 = 2*r + r. Let o be 1/(3 - 24/9). What is the units digit of ((-4)/r)/(o/9)?
6
Let d = -5 - -10. Let n(u) be the first derivative of u**4/4 - 4*u**3/3 - 5*u**2/2 + 2*u + 2. What is the units digit of n(d)?
2
Suppose -g = -2*g + 5. What is the units digit of g?
5
Suppose 4*a = -k + 101, 2*k - 2*a + 415 = 7*k. What is the tens digit of k?
8
Let i(c) = c**2 + 6*c**2 + c - 5*c**2 - 1. What is the units digit of i(-2)?
5
Suppose 0 = -3*z - 0*z + 6. Suppose -y = f + 3 - 9, -5*f = y - z. What is the units digit of y?
7
Suppose -4*w + b = -5*w + 6, b - 10 = -5*w. What is the units digit of (w*(-4)/(-2))/2?
1
Let c = 5 + -2. Suppose 2*g = -c*m - 16, 3*m + 2*g - 16 = 8*m. Let d = m - -5. What is the units digit of d?
1
Let w be (-1)/(-1) - (-22 + 1). Let j be 6/9 + w/3. Suppose 2*i + 2 = j, -3*v + 3 = -2*i. What is the units digit of v?
3
Suppose -i + 244 = 3*l, -4*i = -2*l + 3*l - 965. What is the tens digit of i?
4
Let r be (-1)/((-9)/6 + 1). Suppose -b - 2*b - 4*v - r = 0, -5*b + 40 = -2*v. Suppose -1 = 4*i - 5*m + b, -4*i + 2*m + 2 = 0. What is the units digit of i?
2
Let d be -2*(-1)/4*6. Suppose -d*l - l = -88. What is the tens digit of l?
2
What is the units digit of (-8)/(-20) - 3732/(-20)?
7
Let m(w) = w**3 - 7*w**2 - 4. Let n be m(7). Let q be 5/n - (-3)/(-4). What is the units digit of 60/(-25)*5/q?
6
Suppose -3*l + 5*l - 81 = 3*u, -4*u = -3*l + 120. Let t = -13 + l. What is the tens digit of t?
2
Let b(s) = 15*s - 16. Let g(o) = 5*o - 5. Let v(a) = -2*b(a) + 7*g(a). What is the units digit of v(3)?
2
Suppose -2*s + 4*s = -3*p + 18, -3 = -3*p + 3*s. Suppose 0 = p*l + l - 10. Suppose 0 = -l*g + 18. What is the units digit of g?
9
Let w(t) = 7*t + 1. Let h be w(2). Suppose q + q + 6 = 4*m, -5*q = -h. What is the units digit of m?
3
Let r = 1 - 2. Suppose 74 = -4*c - 3*g, -5*c + 4*g - 86 + 9 = 0. Let l = r - c. What is the units digit of l?
6
Suppose 3*f - 5*f = -4*s + 6, -4*f - 2*s = -38. Suppose -7*g + 3*g + 32 = 5*w, -3*w = g - 15. Suppose 0 = -g*v + f*v - 32. What is the units digit of v?
8
Suppose -c + 4 = -5*c + 5*n, -5*c = -2*n + 5. Let v = 20 - c. Let t = -11 + v. What is the units digit of t?
0
Let v(i) = i**2 + 5*i - 5. Suppose -3*k + 4 = 31. What is the units digit of v(k)?
1
Let a = -12 - -17. Suppose -11 = 4*b + a. Let k(c) = -c**3 - 4*c**2 + 3. What is the units digit of k(b)?
3
What is the tens digit of 498/4 + (-6)/(-4)?
2
Let j(t) = -t**3 - 7*t**2 - 7*t - 2. Let l(f) = f**2 + 9*f - 6. Let o be l(-9). What is the units digit of j(o)?
4
Let d = 15 + -10. Suppose -2*z - 227 = -d*